{"id":17,"date":"2020-04-02T20:37:58","date_gmt":"2020-04-02T20:37:58","guid":{"rendered":"http:\/\/gomezdelinares.com\/?page_id=17"},"modified":"2021-09-24T17:56:36","modified_gmt":"2021-09-24T17:56:36","slug":"contacto","status":"publish","type":"page","link":"http:\/\/gomezdelinares.com\/?page_id=17","title":{"rendered":"Contacto"},"content":{"rendered":"\n<p>Contacte con nosotros a trav\u00e9s de nuestro tel\u00e9fono de contacto o correo electr\u00f3nico:<\/p>\n\n\n\n<p>(+34) 922 306 196 | info@gomezdelinares.com<\/p>\n\n\n\n<p>Nos encontrar\u00e1 en calle Ingenios Azucareros, 38, 1\u00ba derecha, 38300 &#8211; La Orotava (Santa Cruz de Tenerife).<\/p>\n\n\n<p><iframe src=\"https:\/\/www.google.com\/maps\/embed?pb=!1m14!1m8!1m3!1d14039.072173612434!2d-16.5453641!3d28.3960731!3m2!1i1024!2i768!4f13.1!3m3!1m2!1s0x0%3A0x5755301cf17466ff!2sG%C3%B3mez%20de%20Linares!5e0!3m2!1ses!2ses!4v1632509363681!5m2!1ses!2ses\" width=\"600\" height=\"450\" style=\"border:0;\" allowfullscreen=\"\" loading=\"lazy\"><\/iframe><\/p>\n\n\n\n<p><\/p>\n","protected":false},"excerpt":{"rendered":"<p>Contacte con nosotros a trav\u00e9s de nuestro tel\u00e9fono de contacto o correo electr\u00f3nico: (+34) 922 [&hellip;]<\/p>\n","protected":false},"author":1,"featured_media":0,"parent":0,"menu_order":0,"comment_status":"closed","ping_status":"closed","template":"","meta":[],"_links":{"self":[{"href":"http:\/\/gomezdelinares.com\/index.php?rest_route=\/wp\/v2\/pages\/17"}],"collection":[{"href":"http:\/\/gomezdelinares.com\/index.php?rest_route=\/wp\/v2\/pages"}],"about":[{"href":"http:\/\/gomezdelinares.com\/index.php?rest_route=\/wp\/v2\/types\/page"}],"author":[{"embeddable":true,"href":"http:\/\/gomezdelinares.com\/index.php?rest_route=\/wp\/v2\/users\/1"}],"replies":[{"embeddable":true,"href":"http:\/\/gomezdelinares.com\/index.php?rest_route=%2Fwp%2Fv2%2Fcomments&post=17"}],"version-history":[{"count":7,"href":"http:\/\/gomezdelinares.com\/index.php?rest_route=\/wp\/v2\/pages\/17\/revisions"}],"predecessor-version":[{"id":181,"href":"http:\/\/gomezdelinares.com\/index.php?rest_route=\/wp\/v2\/pages\/17\/revisions\/181"}],"wp:attachment":[{"href":"http:\/\/gomezdelinares.com\/index.php?rest_route=%2Fwp%2Fv2%2Fmedia&parent=17"}],"curies":[{"name":"wp","href":"https:\/\/api.w.org\/{rel}","templated":true}]}}